he remainder when 27433 is divided by 5.
3
Calculate the remainder when 441 is divided by 102.
33
What is the remainder when 387196 is divided by 439?
437
Calculate the remainder when 159377 is divided by 70.
57
What is the remainder when 283983 is divided by 221?
219
Calculate the remainder when 251478 is divided by 24.
6
What is the remainder when 56347 is divided by 65?
57
Calculate the remainder when 212527 is divided by 58.
15
What is the remainder when 1473384 is divided by 229?
227
Calculate the remainder when 7191 is divided by 211.
17
Calculate the remainder when 252432 is divided by 223.
219
Calculate the remainder when 20064 is divided by 116.
112
Calculate the remainder when 4781026 is divided by 2422.
2420
Calculate the remainder when 413957 is divided by 137916.
209
Calculate the remainder when 5166973 is divided by 74.
71
Calculate the remainder when 8481 is divided by 1529.
836
Calculate the remainder when 427 is divided by 397.
30
Calculate the remainder when 181247 is divided by 220.
187
What is the remainder when 2808 is divided by 202?
182
Calculate the remainder when 172960 is divided by 257.
256
What is the remainder when 803808 is divided by 17?
14
Calculate the remainder when 18341 is divided by 83.
81
Calculate the remainder when 9482 is divided by 1571.
56
Calculate the remainder when 93407 is divided by 24.
23
What is the remainder when 729387 is divided by 205?
202
What is the remainder when 572 is divided by 167?
71
Calculate the remainder when 1353 is divided by 475.
403
Calculate the remainder when 1188 is divided by 156.
96
Calculate the remainder when 50605 is divided by 296.
285
What is the remainder when 7268 is divided by 59?
11
Calculate the remainder when 17405 is divided by 8700.
5
What is the remainder when 34341 is divided by 6859?
46
What is the remainder when 644 is divided by 184?
92
What is the remainder when 160174 is divided by 43?
42
Calculate the remainder when 6680 is divided by 790.
360
Calculate the remainder when 1497 is divided by 65.
2
Calculate the remainder when 27776 is divided by 31.
0
Calculate the remainder when 10719 is divided by 186.
117
What is the remainder when 85567 is divided by 215?
212
What is the remainder when 9857 is divided by 822?
815
Calculate the remainder when 37816 is divided by 310.
306
Calculate the remainder when 5803 is divided by 1686.
745
What is the remainder when 318239 is divided by 765?
764
What is the remainder when 4890 is divided by 80?
10
Calculate the remainder when 27259 is divided by 20.
19
Calculate the remainder when 72319 is divided by 128.
127
Calculate the remainder when 129516 is divided by 932.
900
Calculate the remainder when 346369 is divided by 23091.
4
What is the remainder when 8526 is divided by 208?
206
What is the remainder when 69516 is divided by 244?
220
What is the remainder when 36354 is divided by 30?
24
What is the remainder when 16061 is divided by 251?
248
Calculate the remainder when 4402 is divided by 884.
866
What is the remainder when 16847 is divided by 82?
37
What is the remainder when 370 is divided by 76?
66
Calculate the remainder when 196474 is divided by 98237.
0
What is the remainder when 447929 is divided by 509?
9
Calculate the remainder when 84918 is divided by 34.
20
Calculate the remainder when 23622 is divided by 675.
672
Calculate the remainder when 5187 is divided by 464.
83
What is the remainder when 518 is divided by 264?
254
Calculate the remainder when 11942 is divided by 11907.
35
Calculate the remainder when 1434 is divided by 200.
34
Calculate the remainder when 596 is divided by 30.
26
Calculate the remainder when 2052 is divided by 1895.
157
What is the remainder when 55693 is divided by 13908?
61
Calculate the remainder when 350799 is divided by 790.
39
What is the remainder when 4015 is divided by 539?
242
What is the remainder when 2564 is divided by 43?
27
Calculate the remainder when 6506 is divided by 1080.
26
What is the remainder when 22355 is divided by 238?
221
What is the remainder when 188555 is divided by 109?
94
Calculate the remainder when 48458 is divided by 969.
8
Calculate the remainder when 4658 is divided by 1538.
44
Calculate the remainder when 5418 is divided by 221.
114
What is the remainder when 218310 is divided by 25?
10
Calculate the remainder when 9174 is divided by 1529.
0
Calculate the remainder when 3090 is divided by 257.
6
Calculate the remainder when 628230 is divided by 157056.
6
Calculate the remainder when 36581 is divided by 78.
77
Calculate the remainder when 108991 is divided by 110.
91
What is the remainder when 21061 is divided by 1411?
1307
Calculate the remainder when 3734 is divided by 4.
2
Calculate the remainder when 1446 is divided by 89.
22
Calculate the remainder when 5279 is divided by 202.
27
Calculate the remainder when 9009 is divided by 4343.
323
What is the remainder when 26781 is divided by 26740?
41
What is the remainder when 7295 is divided by 7263?
32
Calculate the remainder when 1142 is divided by 628.
514
Calculate the remainder when 106535 is divided by 184.
183
What is the remainder when 140616 is divided by 324?
0
What is the remainder when 292868 is divided by 416?
4
What is the remainder when 7996 is divided by 398?
36
What is the remainder when 1656115 is divided by 12?
7
What is the remainder when 140364 is divided by 419?
418
Calculate the remainder when 25294 is divided by 135.
49
What is the remainder when 185791 is divided by 9?
4
Calculate the remainder when 5532 is divided by 18.
6
What is the remainder when 4308 is divided by 107?
28
Calculate the remainder when 4350 is divided by 298.
178
Calculate the remainder when 231912 is divided by 3092.
12
Calculate the remainder when 39097 is divided by 159.
142
Calculate the remainder when 52241 is divided by 302.
297
Calculate the remainder when 62250 is divided by 20740.
30
What is the remainder when 154689 is divided by 115?
14
What is the remainder when 1259868 is divided by 2139?
2136
What is the remainder when 448319 is divided by 10?
9
Calculate the remainder when 76 is divided by 29.
18
What is the remainder when 3149 is divided by 305?
99
What is the remainder when 23164 is divided by 3860?
4
Calculate the remainder when 596 is divided by 13.
11
What is the remainder when 6354 is divided by 172?
162
What is the remainder when 171586 is divided by 38?
16
What is the remainder when 75541 is divided by 25177?
10
What is the remainder when 1161902 is divided by 32?
14
Calculate the remainder when 3385 is divided by 989.
418
What is the remainder when 2756 is divided by 631?
232
Calculate the remainder when 5141 is divided by 2501.
139
Calculate the remainder when 1820 is divided by 452.
12
Calculate the remainder when 245531 is divided by 148.
147
Calculate the remainder when 1234712 is divided by 1234709.
3
Calculate the remainder when 388079 is divided by 1320.
1319
Calculate the remainder when 234261 is divided by 570.
561
What is the remainder when 188720 is divided by 41?
38
Calculate the remainder when 4730616 is divided by 73.
70
What is the remainder when 24055 is divided by 463?
442
What is the remainder when 23501 is divided by 439?
234
Calculate the remainder when 494487 is divided by 22476.
15
What is the remainder when 341971 is divided by 47?
46
Calculate the remainder when 52996 is divided by 2210.
2166
What is the remainder when 2209 is divided by 31?
8
What is the remainder when 19586 is divided by 6521?
23
What is the remainder when 5385 is divided by 177?
75
What is the remainder when 4624 is divided by 762?
52
Calculate the remainder when 723362 is divided by 90420.
2
What is the remainder when 61466 is divided by 1397?
1395
What is the remainder when 67847 is divided by 27?
23
What is the remainder when 4517 is divided by 406?
51
Calculate the remainder when 1732043 is divided by 498.
497
Calculate the remainder when 37549 is divided by 1443.
31
Calculate the remainder when 68046 is divided by 22654.
84
Calculate the remainder when 477 is divided by 195.
87
Calculate the remainder when 40668 is divided by 17.
4
Calculate the remainder when 17558 is divided by 885.
743
What is the remainder when 39902 is divided by 1433?
1211
What is the remainder w